. Let n be o(-7). Is (1074 - n)*1/4 prime?
True
Let g(i) = 16*i**3 - 12*i**2 + 4*i + 19. Suppose -p = 4*c + 14, 4*p + 5*c + 2 - 1 = 0. Is g(p) prime?
True
Let c = -1036 - -2112. Is 6/(24/7)*c prime?
False
Let u(l) = -l + 22. Let z be u(19). Suppose 4*s = 5*v + 19616, z*v = -5*s + v + 24553. Is s a composite number?
False
Let w = 543 - 547. Is (23/w)/((-22)/1496) composite?
True
Suppose 5*p - 65 = -40. Suppose -p*b + 30 = -3*z, -z + 11 - 1 = 5*b. Let a(g) = 35*g**2 - 5*g + 7. Is a(z) composite?
False
Suppose 36 - 40 = 2*z. Is (216 + (-4)/z)*7/14 composite?
False
Is (2/(-3))/((-1009003684)/(-45863805) - 22) a composite number?
True
Suppose -4*a = 5*l - 3339881, -l + 298067 + 369926 = -2*a. Is l composite?
True
Let o(u) = -113*u + 91*u - 38 + 378*u. Is o(9) a prime number?
False
Let l(j) = j**3 - 5*j**2 - 13*j - 4. Let z be l(7). Suppose -z = -2*p - 7. Is ((-70)/(-40))/(p/(-2456)) a composite number?
True
Suppose -4*o = -3*x + 189317, 344*x = 347*x - 2*o - 189319. Is x a prime number?
False
Let k = -312 + 320. Suppose -c + 7636 = -5*p + 33293, k = -4*c. Is p composite?
True
Let v = 27 + -38. Let q = v - -19. Suppose -749 + 5437 = q*j. Is j composite?
True
Is 0 + (0 - 0) + 463160/(8/1) prime?
False
Let w be -4*(-2 + 14413/(-14)). Suppose -3*d + w = 2*g - 8*d, -2*d + 6151 = 3*g. Is g prime?
True
Suppose -31*z + 1134786 = -672793. Is z composite?
False
Let t(d) = -133*d - 60. Let o be t(28). Let u(f) = f + 2. Let x be u(7). Let z = x - o. Is z composite?
False
Suppose h + 4*h - 15 = 4*d, -h = -2*d - 3. Let f = 0 + 5. Suppose d = -f*u + 6146 + 8939. Is u prime?
False
Let t = 780 - 692. Let q = -129 + 326. Let d = q - t. Is d a prime number?
True
Let p be 13/(39/4554) + -2 + 4. Let q = p - 657. Is q a prime number?
True
Suppose 141 + 1072 = -4*w - 5*i, 2*w + 5*i = -599. Let m be (-597)/(-2)*(-2 + 6). Let y = m + w. Is y a prime number?
True
Suppose -47945 = -5*a - 6*z + 10*z, 4*z = 0. Suppose 0 = -3*y - 5*m + a, -y - 3*m - m + 3187 = 0. Is y a prime number?
True
Suppose 1520861 = 10*g - 2219769. Is g prime?
True
Suppose 1071142 + 736570 = 47*q + 519489. Is q a composite number?
False
Let i = 15 - -20. Let m = i - 32. Is m/(-9)*-23 + (-4)/6 prime?
True
Let j be (8/(-10))/((-21)/5 + 4). Is (-22)/j + 5 + (-1246)/(-4) a prime number?
True
Let n = 64 + -121. Let v = 703 - -219. Is (v/3 + -1)*(-54 - n) a composite number?
False
Let x = -801946 + 1388291. Is x a prime number?
False
Let j be ((-3)/4)/((-9)/36). Suppose -2*x + j*k + 558 = 0, 3*k = -5*x + 2*k + 1412. Suppose -4*i = -3*g + 247, -3*g - 3*i + 0*i = -x. Is g a prime number?
True
Let t be (-18)/(-24)*8/2. Let q be 16/8 - -1*43. Suppose d + v = t + 45, 2*v = -d + q. Is d composite?
True
Suppose 880 = 13*d - 29*d. Is ((2246024/d)/(-4))/(4/10) a prime number?
True
Let h(j) = 1937*j**2 + 504*j - 1. Is h(-6) composite?
True
Suppose 0 = 4*r + b + 11 - 32, 4*r + 4*b = 24. Suppose -r*x + 4*v = -3114, x + 0*x = v + 623. Is x prime?
False
Suppose -7*d = -5*d + 4*p - 97602, -3*d + 146404 = 5*p. Is d prime?
False
Is 5/10*(26132 - -6) a prime number?
False
Let q be (-1 + 0)/(-2 + 1). Suppose -4*h + 13 = -0*d - 3*d, -3*d - q = -h. Suppose -6*k + h*k = -4634. Is k a prime number?
False
Let g = 101528 - 12477. Let d = g + -59104. Is d prime?
True
Suppose 3*q - 6*q = -24. Is 1113 + q - (-1 + -1) composite?
False
Let j(r) = 23*r + 21*r - 42*r + 4*r**2. Let w be j(-3). Suppose 29*k - w*k + 47 = 0. Is k prime?
True
Let d be 6 - ((-190)/(-45) + 2/(-9)). Suppose -15815 = 5*p + 5*y, -d*p = -y + 3942 + 2390. Let b = p - -5536. Is b composite?
False
Let q(v) = 65869*v**2 + 30*v + 39. Is q(-2) prime?
False
Let c = 797 - 4426. Let v = 9298 + c. Is v composite?
False
Let a = 3922546 + -2149003. Is a composite?
True
Let a = 36 + -42. Let f be (a/(-7))/((-6)/(-28)). Suppose z + 3600 = 5*c + 3*z, 0 = -f*z + 20. Is c composite?
True
Suppose -14642 = 9*s - 11*s. Suppose 0 = 2*d + 5*n - 4899, 0*n = -3*d - 2*n + s. Is d a composite number?
False
Let p = 16096 - -39825. Is p a prime number?
True
Let p = -296280 + 789079. Is p a composite number?
False
Suppose 3*y = -3*l + 9573, l + 4*y - 136 = 3046. Is l composite?
True
Suppose 0 = 3*i + c - 7745591, -4*i - c - 1463007 = -11790459. Is i a composite number?
False
Let o(p) = 1212*p - 19. Let j be o(11). Suppose 0 = -163*x + 162*x + j. Is x composite?
False
Suppose -n - 6407 = -121*b + 119*b, 4*b - 12811 = -n. Is b a composite number?
False
Is (465/(-12))/(-5)*-10*4766/(-5) a prime number?
False
Is (1 - -2)*(-11)/132 + 58513279/44 a prime number?
True
Let i be (-4 + -1)*84/(-70). Let c(q) = -11*q**2 + 11*q + 17. Let k(s) = -11*s**2 + 11*s + 16. Let v(h) = 5*c(h) - 6*k(h). Is v(i) a composite number?
True
Let q(y) = -546*y**3 + 6*y**2 - 8*y + 1. Let v be q(1). Let s be 0/(-1) - 759*-2. Let k = v + s. Is k composite?
False
Let m(r) = 231*r**2 - 123*r + 2389. Is m(56) composite?
True
Suppose -2*u + 1 = 3*q - 4, 0 = -q + u + 10. Suppose 3*h = 17 - q. Is 28885/30 + h - 2/(-12) composite?
False
Is 1170 - (228/(-32) - -7)*-8 prime?
False
Suppose 0 = -826*q + 821*q + 1660. Suppose -326*o = -q*o + 121470. Is o a prime number?
False
Suppose 0 = -36*g + 40*g + 16. Let s(a) = -25*a**3 + 6*a**2 + 3*a - 21. Is s(g) composite?
False
Let z(q) = 5*q - 43. Let p be z(10). Let k(u) = -u - 25*u**2 + 138*u**2 - 8*u + p*u - 2. Is k(2) prime?
False
Let z = 465 + -462. Suppose 63*v + 3*g + 21322 = 64*v, 4*v + z*g = 85243. Is v prime?
True
Let b(q) = -23177*q**3 + 7*q**2 + 16*q + 23. Is b(-2) composite?
True
Suppose 696517 + 1083679 = 4*m. Is m a composite number?
True
Suppose -3*u = 129 - 39. Let t be u/(-105) - 12/(-7). Suppose j + 4*n - 1493 = 0, 5*j - t*n + n = 7381. Is j composite?
True
Suppose -z = 3*c + 4, 36*z = 31*z - 3*c + 16. Suppose 0 = z*g - 7746 - 3859. Is g composite?
True
Let k = 2034 - -2323. Is k a prime number?
True
Let z(y) = 2*y**3 + 9*y**2 + 10*y + 5. Let p be z(-3). Suppose -5*m + 5*j + 375 = 0, p*m + 6*j - 160 = 3*j. Is m a prime number?
False
Let d be (14/(-6))/((-9)/27). Suppose d*t - 2 = 12. Is (-2364)/24*t*-1 - -2 composite?
False
Let g = 68420 - 44961. Is g prime?
True
Suppose 0*k - 2*h + 45 = 3*k, -5*k + 75 = 3*h. Suppose -5*l - 5 + k = 0. Let r(j) = 29*j - 5. Is r(l) prime?
True
Let n = -6 + 3. Let b be 1*(3 - 27/3)/(-1). Is n - (-57214)/b - (-1)/3 a prime number?
True
Let j = -767 + 1694. Let a = j + -184. Is a composite?
False
Let j(s) = -3 + 13*s**2 - 26 - 200*s + 179*s. Is j(-9) a composite number?
False
Let b(o) = 76*o - 83. Suppose 35*h = 29*h + 252. Is b(h) prime?
True
Let l = -97 - -120. Let i(m) = 392*m + 67. Is i(l) composite?
True
Let n(i) = i**2 + 2*i + 5. Let c be n(0). Let o(w) = 1 + 17*w**2 - 5*w + 8 + 26*w**2 + 5 + 3. Is o(c) composite?
True
Let g(b) be the second derivative of -121*b**3 - 2 - b + 5/2*b**2. Is g(-3) prime?
False
Is 2678856 + (-13 - -10 - 1*4/2) prime?
False
Let q = -169274 - -250035. Is q a composite number?
False
Is (7/21)/(16/29275728) + -4 prime?
True
Let j = 200585 - 123042. Is j composite?
False
Suppose -3 = -d - 0. Let p(i) = -4 - 9*i**3 + 3 - 6*i**d - i + 0. Is p(-2) composite?
True
Let q(c) = 337*c**2 - 187*c + 593. Is q(-35) composite?
True
Let p(x) be the second derivative of 2*x**4/3 + 5*x**3/6 + x**2 - 5463*x. Suppose -16 - 2 = -2*v. Is p(v) a prime number?
False
Let p = 35 + -34. Let k be (164/(-3) + p)*(-24 - -9). Let j = k + -96. Is j prime?
True
Let j(c) = -c**2 + 4*c + 1. Let b be j(4). Suppose f = q - 1109, -3*q - f + 3351 = 4*f. Is (b/(-4))/((-2)/q) a prime number?
True
Let s(o) = -3*o**3 + 22*o**2 + 3*o - 6. Let j be s(7). Suppose -25995 = 61*a - j*a. Is a prime?
False
Is (-1445658)/(-3)*(5 + 7)/24 a composite number?
False
Let o be 14502/4*(-11 - (-444)/36). Let g = 6887 - o. Is g a prime number?
True
Let j = 147220 - 94425. Is j a prime number?
False
Let p = -17 + 41. Suppose -2*z - 390 = 2*l - 2100, 0 = l - 4*z - 860. Suppose -20*d = -p*d + l. Is d a prime number?
False
Let v(j) = 4*j**2 - j + 22. Let x(a) = -11*a**2 + 2*a - 65. Let g(i) = -8*v(i) - 3*x(i). Is g(-18) a prime number?
True
Let q be (-24)/(-4) + 18/(-6). Suppose -2*u - 5 = -q*m, -3*u = -5*m + 2*u + 15. Is ((-1*489)/m)/3 a composite number?
False
Is (-16477465)/(-50) - (306/20 + -15) composite?
True
Let x(h) = 10*h**3 - 2*h**2 + 24*h + 17. Let s = -525 + 534.